and 1534736?
112
Calculate the highest common factor of 1109 and 1152252109.
1109
Calculate the highest common divisor of 112 and 396080.
16
What is the highest common divisor of 18358 and 61506?
134
Calculate the greatest common divisor of 123 and 870717.
123
Calculate the greatest common factor of 1008039 and 446988.
579
What is the highest common factor of 65 and 19839872?
13
What is the greatest common factor of 259741548 and 5940?
396
What is the highest common factor of 388056 and 70104?
552
What is the greatest common factor of 192496751 and 348?
29
What is the highest common factor of 1045 and 74148910?
55
What is the greatest common factor of 287516085 and 3?
3
Calculate the highest common divisor of 139408596 and 18.
18
Calculate the greatest common factor of 111849463 and 11.
11
What is the greatest common divisor of 13059 and 4850693?
1451
What is the greatest common factor of 6780 and 42400740?
60
Calculate the greatest common divisor of 1424230 and 40.
10
What is the highest common divisor of 19834 and 92825?
47
Calculate the highest common divisor of 767927 and 3786.
631
What is the highest common divisor of 113 and 843184756?
113
What is the greatest common divisor of 4484 and 285786619?
1121
Calculate the greatest common divisor of 546264 and 64349.
281
Calculate the highest common divisor of 3436084 and 108.
4
Calculate the highest common divisor of 11 and 1104158220.
11
Calculate the highest common divisor of 132351 and 46927.
281
What is the highest common divisor of 117344 and 1040?
16
Calculate the highest common divisor of 10770 and 191052620.
3590
What is the greatest common divisor of 10822407 and 98976?
3093
What is the greatest common factor of 5699246 and 1722?
574
Calculate the greatest common factor of 23931 and 103869.
9
Calculate the greatest common divisor of 83 and 113865127.
83
Calculate the highest common divisor of 320502 and 115752.
546
Calculate the greatest common divisor of 2452243190 and 290.
290
Calculate the highest common factor of 19023 and 59415.
51
Calculate the greatest common factor of 20202240 and 160.
160
What is the highest common factor of 189 and 703756809?
189
What is the highest common divisor of 2150013060 and 4986?
4986
Calculate the greatest common factor of 1701 and 413252.
7
What is the highest common divisor of 395009438 and 86?
86
Calculate the highest common factor of 4995 and 16601382.
999
Calculate the highest common factor of 504699 and 6474.
39
Calculate the greatest common factor of 13181609 and 154.
7
Calculate the highest common factor of 101592230 and 903.
43
What is the greatest common factor of 612 and 170675172?
612
Calculate the highest common divisor of 7071700 and 800.
100
What is the highest common factor of 27282 and 238094561?
4547
Calculate the greatest common factor of 87 and 125384719.
29
What is the highest common divisor of 686 and 1865822?
98
Calculate the greatest common factor of 7821 and 8322255.
711
What is the highest common divisor of 2881300 and 1050?
50
Calculate the highest common divisor of 832 and 8395127.
13
Calculate the highest common factor of 209 and 1538468.
19
Calculate the highest common factor of 2400 and 207660.
60
Calculate the greatest common factor of 12579465 and 35.
5
Calculate the greatest common factor of 996498 and 8352.
522
Calculate the greatest common factor of 2224012 and 2134857.
1621
Calculate the greatest common factor of 5343 and 57090914.
137
What is the highest common divisor of 2070 and 485119680?
690
What is the greatest common divisor of 323136 and 1016433?
99
What is the greatest common factor of 1701 and 195957?
9
Calculate the greatest common factor of 372221 and 17960.
449
What is the highest common factor of 7755078 and 11210?
2242
Calculate the greatest common divisor of 154419044 and 52.
52
Calculate the greatest common factor of 2573692 and 176.
44
What is the highest common factor of 25218 and 117666?
54
Calculate the greatest common divisor of 430 and 58125250.
430
Calculate the highest common divisor of 1199 and 13885401.
109
Calculate the highest common divisor of 20 and 26306086.
2
What is the greatest common factor of 59964636 and 54?
6
Calculate the highest common divisor of 7 and 3677737.
7
Calculate the greatest common divisor of 7884900 and 3258.
18
What is the highest common divisor of 1335720 and 1288?
8
What is the highest common divisor of 16468 and 242006?
46
What is the greatest common divisor of 9482 and 10203494?
862
What is the greatest common factor of 36967425 and 525?
75
What is the greatest common factor of 19424234 and 8830?
1766
Calculate the highest common factor of 11973610 and 475.
95
Calculate the greatest common divisor of 320 and 574685.
5
Calculate the highest common divisor of 25564006 and 988.
494
What is the greatest common divisor of 68013 and 20572673?
2519
What is the greatest common divisor of 248688231 and 859?
859
What is the highest common factor of 14 and 719834?
2
Calculate the greatest common divisor of 131 and 86153329.
131
Calculate the greatest common divisor of 198 and 32727761.
11
What is the greatest common divisor of 37351864 and 172?
172
What is the greatest common divisor of 1920 and 680880640?
640
What is the greatest common divisor of 89780576 and 96?
32
What is the highest common divisor of 148007 and 2126977?
1663
Calculate the greatest common factor of 13168984 and 9952.
2488
Calculate the highest common divisor of 103 and 116658.
1
Calculate the highest common divisor of 28388 and 5930836.
188
What is the highest common factor of 73042760 and 10?
10
Calculate the greatest common factor of 2206791 and 3996.
999
Calculate the highest common divisor of 11643333 and 1209.
39
Calculate the greatest common factor of 12061 and 376913142.
1723
Calculate the highest common factor of 1018437246 and 54.
54
What is the greatest common factor of 13378211 and 22407?
77
What is the greatest common divisor of 1229918 and 1908?
106
What is the greatest common divisor of 4180999 and 25009?
281
What is the highest common factor of 1323103 and 34399?
839
What is the greatest common divisor of 54404707 and 28?
7
Calculate the highest common factor of 1567734 and 20839.
1603
What is the highest common factor of 5735 and 145965?
185
Calculate the highest common factor of 87 and 23538111.
87
What is the highest common divisor of 2152 and 59114633?
269
Calculate the greatest common factor of 11667165 and 74847.
183
What is the greatest common divisor of 7468678 and 68?
34
What is the highest common factor of 613391724 and 792?
396
What is the highest common divisor of 808987104 and 288?
288
What is the greatest common divisor of 419 and 216681?
1
What is the greatest common divisor of 31544133 and 381?
381
What is the highest common factor of 2550 and 30496470?
510
Calculate the greatest common divisor of 170 and 3147227.
17
What is the greatest common divisor of 608 and 5704256?
608
Calculate the greatest common factor of 12077774 and 334.
334
What is the highest common divisor of 26095 and 375275?
85
What is the greatest common factor of 6086 and 67558?
34
What is the greatest common factor of 12593059 and 2825?
113
Calculate the highest common divisor of 340517475 and 41625.
8325
Calculate the highest common factor of 6441 and 246.
3
What is the highest common factor of 165848862 and 6?
6
What is the highest common factor of 336294 and 889?
7
What is the highest common divisor of 329725642 and 17?
17
What is the highest common divisor of 10050330 and 492?
246
What is the highest common divisor of 14532693 and 357?
21
Calculate the greatest common factor of 500 and 58616250.
250
Calculate the greatest common factor of 14245375 and 625.
125
What is the highest common divisor of 620 and 3348310?
310
Calculate the greatest common divisor of 1482 and 101759502.
78
Calculate the greatest common factor of 141 and 34447851.
141
What is the greatest common factor of 652 and 55566?
2
Calculate the highest common factor of 48853279 and 146.
73
What is the greatest common factor of 1581371 and 4660?
233
What is the greatest common factor of 4984470294 and 174?
174
Calculate the highest common factor of 94 and 14227276.
94
What is the greatest common divisor of 263708940 and 930